is divided by u?
11
Suppose -211 = -3*f + g - 6*g, 3*f - g = 181. What is the remainder when f is divided by 30?
2
Suppose -2*b + 4*i = -8, 6*i - i = 2*b - 6. What is the remainder when (42/(-8))/(12/(-32)) is divided by b?
6
Suppose 6*y + 2*y - 272 = 0. Calculate the remainder when y is divided by (-105)/(-12) + 5/20.
7
Suppose 3*r = b - 11, -2*r - 13 = -4*b + 11. Suppose 4*l - 10 = b*l. Let o = l - -14. What is the remainder when 6 is divided by o?
2
Suppose 135 = -9*m + 486. Calculate the remainder when 44 is divided by m.
5
Calculate the remainder when 389 is divided by (-4 - (-132)/11) + -1 + 1.
5
Let u = 1635 + -1349. What is the remainder when u is divided by 60?
46
Let g(c) = -c**2 - 30*c - 69. What is the remainder when g(-26) is divided by (-48)/28*42/(-4)?
17
Suppose -16 - 26 = -3*b. Let i(t) = -96*t. Let u be i(-1). Let j = u + -57. What is the remainder when j is divided by b?
11
Suppose -4*k = 3*o - 35, -2*k + 17 = -2*o + 3*o. Let r be 604/k - (-1)/2. Suppose -2*z = 2*z - r. Calculate the remainder when z is divided by 7.
5
Suppose 0 = 4*h - 0*h. Suppose 4*b - 2*d - 79 - 75 = h, -5*b + 187 = 3*d. What is the remainder when b is divided by (-9 - -15) + 4 + -2?
6
Suppose 3*d + n = 3, 3*d + d - 3*n - 4 = 0. Calculate the remainder when (4/1)/((-3)/(-21)) is divided by (4 - 22/6)/(d/24).
4
Let j(s) = s**3 + 8*s**2 - s - 8. Let w be j(-8). Suppose w = -6*a + 53 + 43. What is the remainder when 62 is divided by a?
14
Suppose -7*y + 12*y + 20 = 0. Let s(o) = 6*o**2 + 4*o + 3. What is the remainder when s(y) is divided by 28?
27
Suppose 8 + 2 = h. Suppose -22*x + 152 = -14*x. What is the remainder when x is divided by h?
9
Let f = -9 + 93. Let y = f - 76. What is the remainder when 70 is divided by y?
6
Let l(t) = 4*t - 26. Let c = -41 + 59. Calculate the remainder when l(c) is divided by 16.
14
Let d(m) be the third derivative of m**5/60 + m**3/6 + 13*m**2. Let r be d(2). Suppose -5*h = -r - 25. Calculate the remainder when 16 is divided by h.
4
Let h(u) = -7*u + 1. What is the remainder when h(-4) is divided by 3?
2
Suppose 0 = -4*v - 3*y + 24, -2*v + 10 + 2 = 2*y. Suppose -5*r + 4 = -3*o + v, r = -3*o + 32. Calculate the remainder when 2/5 + (-236)/(-10) is divided by o.
6
Suppose d - o - 1 = 0, 3*d - o = -d + 13. Suppose 23 = 351*a - 350*a. Suppose -a = -k + l, k + 2*l - 4 = d. What is the remainder when 34 is divided by k?
16
Let i(z) = 3*z + 7. Suppose -5*l + 4*u + 71 = 0, u + 35 = 5*l + 6*u. What is the remainder when i(l) is divided by 7?
5
Let c be 3 - 6/(-15)*(7 + -2). Calculate the remainder when 18 is divided by c/(-15)*(-2 - 2*8).
0
Suppose 2*k + 3*k + 47 = 2*o, -69 = -4*o + 5*k. Let b = -78 + 94. Let m = 34 - b. Calculate the remainder when m is divided by o.
7
Suppose 9 = 2*m - 2*t + 5, 0 = 5*m + 4*t - 19. What is the remainder when 54 is divided by m?
0
Suppose 0 = -0*b - b - 5, 3*m + 4*b = 76. What is the remainder when m is divided by 5?
2
Let t be (16 + -1 + -1)*5/10. Let l(j) = -2*j**2 + 13*j + 27. Calculate the remainder when 115 is divided by l(t).
15
Suppose -70*v + 72*v - 3*l - 50 = 0, 0 = -v - l + 25. What is the remainder when v is divided by 17?
8
Suppose z + 150 = 2*t, 4*z + 276 - 46 = 3*t. Calculate the remainder when 219 is divided by t.
71
Let c be (2/(-3))/(17/(-51)). Calculate the remainder when 25 is divided by (-1*1/c)/(7/(-112)).
1
Let o = -443 + 462. Suppose -3*c - 53 = -5*h - 9, 2*c - 1 = -h. Calculate the remainder when o is divided by h.
5
Suppose -4*g = -5*p + 85, 3*p - 51 = 2*g - g. Suppose -r + 57 + 9 = -2*m, r = -m + 66. Calculate the remainder when r is divided by p.
15
Suppose -5 = x + 55. Let w be (x/14)/((-2)/(-14)). Let h = w - -54. What is the remainder when 45 is divided by h?
21
Let b(q) = q - 1. Let d be b(8). Suppose -330 = -2*s + d*s. Let f = -42 - s. What is the remainder when f is divided by 14?
10
Let c be 1/(-3) + 295/3. Let l = 140 - 207. Let a = c + l. What is the remainder when a is divided by 11?
9
Let l(d) = -2*d**2 - 42*d - 214. Calculate the remainder when -1 - 1*-3 - -7 is divided by l(-10).
3
Suppose -3*t + 0*t + 4*p + 59 = 0, -4*t + 67 = -3*p. Calculate the remainder when t is divided by 13.
0
Let u(n) = 5*n + 49. Calculate the remainder when u(-4) is divided by 21.
8
Let v = 109 - 113. What is the remainder when 149 is divided by (-3*5)/(1/v*2)?
29
Let y = 137 - 200. Let h = -50 - y. Let k(x) = 48*x**2 + x. Calculate the remainder when k(1) is divided by h.
10
Suppose 5*l - 1946 = 3*d, 16*d = 4*l + 21*d - 1542. What is the remainder when l is divided by 13?
11
Suppose -3*t - t - 2*a = 212, -t - 64 = -5*a. Let m = -35 - t. What is the remainder when m is divided by 4?
3
Suppose -g + 3*o + 1982 = 4*g, -4*g = 3*o - 1564. Calculate the remainder when g is divided by 80.
74
Let s = -21 - 48. Let z = s + 89. What is the remainder when ((-19)/3)/((-2)/24) is divided by z?
16
Let v(t) = -t**3 - 6*t**2 + 16*t + 3. Let b be v(-8). Calculate the remainder when (b/(-12) - 2)*(-80)/4 is divided by 17.
11
Suppose -5*q - 1131 = -44*q. Calculate the remainder when 112 is divided by q.
25
Suppose 0 = -5*t + 3*t + 2. Let y(a) = -27*a + 27*a + t + 6*a**2. What is the remainder when y(-1) is divided by 5?
2
Let t(a) = -a - 1. Let g(b) = -b**2 - 6*b + 5. Let h(r) = g(r) + 2*t(r). What is the remainder when 19 is divided by h(-7)?
9
Let b(y) = -y**2 + 8*y - 2. Let j be b(4). Suppose -v = -2*v + a + j, -4*v - 4*a = -64. What is the remainder when 39 is divided by v?
9
Let n = -122 - -173. Calculate the remainder when n is divided by 26.
25
Suppose -4*w + 0*b = 2*b - 1120, 0 = 5*w + 4*b - 1403. Calculate the remainder when w is divided by 14.
13
Suppose 2*i - k = 56, -182 + 24 = -5*i - 2*k. What is the remainder when i is divided by 21?
9
Suppose -g = 4, 0*u - 5*g - 23 = -u. Suppose 0 = -u*l - l + 92. What is the remainder when l is divided by 5?
3
Let v(g) = 3*g**2 - 8. What is the remainder when 47 is divided by v(-2)?
3
Suppose 2*f = -v + 6*v - 390, -v - f + 78 = 0. Suppose v = 3*p - 81. Let x = p - 32. What is the remainder when x is divided by 6?
3
Let z(k) = 21*k**2 + 9*k - 3. What is the remainder when z(2) is divided by 20?
19
Let s = -232 - -253. Suppose -5*f - 38 + 293 = 0. Suppose -22*o = -s*o - f. Calculate the remainder when o is divided by 18.
15
Calculate the remainder when (-1)/(-2) + (-11394)/(-36) + 5 is divided by 27.
25
Suppose y = -3, 0 = 4*a + 5*y + 7. Suppose -15 = -a*j + 5. Let o(m) = 6*m + 13. Calculate the remainder when o(j) is divided by 19.
16
Let w(a) = 8*a**2 + 2*a - 4. Let s be w(4). Suppose v = -56 + s. Calculate the remainder when v is divided by 7.
6
Let w(j) = -j**2 + 5*j - 1. Let z be w(4). Suppose 4*c + k - 97 = 6*k, 2*c = z*k + 51. Calculate the remainder when (188 - 32)*((-4)/6 + 1) is divided by c.
16
Suppose -3*z - 2*t = -7*t - 310, t - 90 = -z. Let k = -42 + z. What is the remainder when k is divided by 8?
5
Suppose -3*q + 1 = -14, b - 122 = -5*q. Calculate the remainder when b is divided by 25.
22
Let v be (-4)/((-2 - 1)*-1 - 2). Let a = v + 41. Calculate the remainder when a is divided by 13.
11
Let m = 123 - 55. Calculate the remainder when (-19 + 20)/(1 - m/70) is divided by 6.
5
Suppose -3*l = -3, -4*l = 3*k - 32 - 149. Calculate the remainder when k is divided by 10.
9
Let l be (-160)/(-28)*(-14)/(-4). Suppose -5*k + l + 0 = 0. What is the remainder when 9 is divided by k?
1
Suppose 14 = 4*h - 2. Let j(o) = -o**2 + 27*o - 171. What is the remainder when j(14) is divided by h?
3
Let f(p) = -p**3 - p**2 + 10*p + 13. Let k(a) = -2*a**2 + 15*a + 22. Let r be k(9). Calculate the remainder when f(r) is divided by 8.
7
Let d = -15 + 43. Calculate the remainder when 135 is divided by d.
23
Let r(w) = 2*w**2 + w - 15. Let q = 15 + -4. Calculate the remainder when q is divided by r(3).
5
Let b = -44 + 49. Let m be 19/(-2)*1*-6. Suppose -a = 2*a - m. What is the remainder when a is divided by b?
4
Suppose -7 = -2*f - 5*j, 2*f + 2*j - 21 - 1 = 0. Let d(p) = -2*p**2 - 38*p + 6. Calculate the remainder when d(-17) is divided by f.
10
Suppose 3*c - 11 = -h, 3 + 1 = 4*h + 2*c. Let s = h + 3. Suppose -s*f + 27 = -f. Calculate the remainder when f is divided by 15.
12
Let q be (4 + (-117 - 3))/(-1). What is the remainder when 14 is divided by 54/8*q/87?
5
L